{"id":39,"date":"2022-09-16T17:00:19","date_gmt":"2022-09-16T15:00:19","guid":{"rendered":"http:\/\/bebpnjw.cluster029.hosting.ovh.net\/?page_id=39"},"modified":"2025-12-26T12:10:43","modified_gmt":"2025-12-26T11:10:43","slug":"reservation-salle","status":"publish","type":"page","link":"https:\/\/aubergedeboendael.be\/index.php\/reservation-salle\/","title":{"rendered":"Organiser un \u00e9v\u00e9nement"},"content":{"rendered":"\n<div style=\"height:38px\" aria-hidden=\"true\" class=\"wp-block-spacer\"><\/div>\n\n\n\n<figure class=\"wp-block-gallery has-nested-images columns-default is-cropped wp-block-gallery-1 is-layout-flex wp-block-gallery-is-layout-flex\" id=\"photos-salle\">\n<figure class=\"wp-block-image size-large\"><img decoding=\"async\" width=\"1024\" height=\"808\" data-id=\"1818\" src=\"https:\/\/aubergedeboendael.be\/wp-content\/uploads\/2025\/11\/WhatsApp-Image-2025-11-11-at-09.02.28-1024x808.jpeg\" alt=\"\" class=\"wp-image-1818\" srcset=\"https:\/\/aubergedeboendael.be\/wp-content\/uploads\/2025\/11\/WhatsApp-Image-2025-11-11-at-09.02.28-1024x808.jpeg 1024w, https:\/\/aubergedeboendael.be\/wp-content\/uploads\/2025\/11\/WhatsApp-Image-2025-11-11-at-09.02.28-300x237.jpeg 300w, https:\/\/aubergedeboendael.be\/wp-content\/uploads\/2025\/11\/WhatsApp-Image-2025-11-11-at-09.02.28-768x606.jpeg 768w, https:\/\/aubergedeboendael.be\/wp-content\/uploads\/2025\/11\/WhatsApp-Image-2025-11-11-at-09.02.28-1536x1212.jpeg 1536w, https:\/\/aubergedeboendael.be\/wp-content\/uploads\/2025\/11\/WhatsApp-Image-2025-11-11-at-09.02.28-256x202.jpeg 256w, https:\/\/aubergedeboendael.be\/wp-content\/uploads\/2025\/11\/WhatsApp-Image-2025-11-11-at-09.02.28-512x404.jpeg 512w, https:\/\/aubergedeboendael.be\/wp-content\/uploads\/2025\/11\/WhatsApp-Image-2025-11-11-at-09.02.28.jpeg 1600w\" sizes=\"(max-width: 1024px) 100vw, 1024px\" \/><\/figure>\n\n\n\n<figure class=\"wp-block-image size-large\"><img decoding=\"async\" width=\"768\" height=\"1024\" data-id=\"1904\" src=\"https:\/\/aubergedeboendael.be\/wp-content\/uploads\/2025\/12\/WhatsApp-Image-2025-11-11-at-09.03.43d-768x1024.jpeg\" alt=\"\" class=\"wp-image-1904\" srcset=\"https:\/\/aubergedeboendael.be\/wp-content\/uploads\/2025\/12\/WhatsApp-Image-2025-11-11-at-09.03.43d-768x1024.jpeg 768w, https:\/\/aubergedeboendael.be\/wp-content\/uploads\/2025\/12\/WhatsApp-Image-2025-11-11-at-09.03.43d-225x300.jpeg 225w, https:\/\/aubergedeboendael.be\/wp-content\/uploads\/2025\/12\/WhatsApp-Image-2025-11-11-at-09.03.43d-1152x1536.jpeg 1152w, https:\/\/aubergedeboendael.be\/wp-content\/uploads\/2025\/12\/WhatsApp-Image-2025-11-11-at-09.03.43d-256x341.jpeg 256w, https:\/\/aubergedeboendael.be\/wp-content\/uploads\/2025\/12\/WhatsApp-Image-2025-11-11-at-09.03.43d-512x683.jpeg 512w, https:\/\/aubergedeboendael.be\/wp-content\/uploads\/2025\/12\/WhatsApp-Image-2025-11-11-at-09.03.43d-1024x1365.jpeg 1024w, https:\/\/aubergedeboendael.be\/wp-content\/uploads\/2025\/12\/WhatsApp-Image-2025-11-11-at-09.03.43d.jpeg 1200w\" sizes=\"(max-width: 768px) 100vw, 768px\" \/><\/figure>\n\n\n\n<figure class=\"wp-block-image size-large\"><img decoding=\"async\" width=\"768\" height=\"1024\" data-id=\"1854\" src=\"https:\/\/aubergedeboendael.be\/wp-content\/uploads\/2025\/11\/seminaire-768x1024.webp\" alt=\"\" class=\"wp-image-1854\" srcset=\"https:\/\/aubergedeboendael.be\/wp-content\/uploads\/2025\/11\/seminaire-768x1024.webp 768w, https:\/\/aubergedeboendael.be\/wp-content\/uploads\/2025\/11\/seminaire-225x300.webp 225w, https:\/\/aubergedeboendael.be\/wp-content\/uploads\/2025\/11\/seminaire-256x341.webp 256w, https:\/\/aubergedeboendael.be\/wp-content\/uploads\/2025\/11\/seminaire-512x683.webp 512w, https:\/\/aubergedeboendael.be\/wp-content\/uploads\/2025\/11\/seminaire-1024x1365.webp 1024w, https:\/\/aubergedeboendael.be\/wp-content\/uploads\/2025\/11\/seminaire.webp 1080w\" sizes=\"(max-width: 768px) 100vw, 768px\" \/><figcaption class=\"wp-element-caption\">Restaurant, Brunch et salle d&rsquo;\u00e9v\u00e9nement \u00e0 Bruxelles. Location de salle pour un mariage, un s\u00e9minaire, un anniversaire.<\/figcaption><\/figure>\n<\/figure>\n\n\n\n<div style=\"height:100px\" aria-hidden=\"true\" class=\"wp-block-spacer\"><\/div>\n\n\n\n<div class=\"wp-block-uagb-container uagb-block-47e668ee alignfull uagb-is-root-container\">\n\n<div class=\"wp-block-uagb-container uagb-block-046edee1\">\n\n<p>Vous cherchez une salle \u00e0 Bruxelles pour un mariage, un anniversaire, un banquet,  une communion ou tout autre \u00e9v\u00e9nement ?<br><br>Notre salle d&rsquo;\u00e9v\u00e9nement est \u00e0 votre disposition !<br><br>Remplissez le formulaire ci-dessous, nous prendrons contact avec vous pour en savoir plus \u00e0 propos de votre \u00e9v\u00e9nement.<\/p>\n\n\n<div class=\"wp-block-uagb-container uagb-block-f9d1151d\">\n\n<div class=\"wp-block-contact-form-7-contact-form-selector\">\n<div class=\"wpcf7 no-js\" id=\"wpcf7-f8-o1\" lang=\"fr-FR\" dir=\"ltr\" data-wpcf7-id=\"8\">\n<div class=\"screen-reader-response\"><p role=\"status\" aria-live=\"polite\" aria-atomic=\"true\"><\/p> <ul><\/ul><\/div>\n<form action=\"\/index.php\/wp-json\/wp\/v2\/pages\/39#wpcf7-f8-o1\" method=\"post\" class=\"wpcf7-form init\" aria-label=\"Formulaire de contact\" novalidate=\"novalidate\" data-status=\"init\">\n<fieldset class=\"hidden-fields-container\"><input type=\"hidden\" name=\"_wpcf7\" value=\"8\" \/><input type=\"hidden\" name=\"_wpcf7_version\" value=\"6.1.5\" \/><input type=\"hidden\" name=\"_wpcf7_locale\" value=\"fr_FR\" \/><input type=\"hidden\" name=\"_wpcf7_unit_tag\" value=\"wpcf7-f8-o1\" \/><input type=\"hidden\" name=\"_wpcf7_container_post\" value=\"0\" \/><input type=\"hidden\" name=\"_wpcf7_posted_data_hash\" value=\"\" \/>\n<\/fieldset>\n<label> Votre nom*\n    <span class=\"wpcf7-form-control-wrap\" data-name=\"your-first-name\"><input size=\"40\" maxlength=\"400\" class=\"wpcf7-form-control wpcf7-text wpcf7-validates-as-required\" aria-required=\"true\" aria-invalid=\"false\" value=\"\" type=\"text\" name=\"your-first-name\" \/><\/span> <\/label>\n<label> Votre pr\u00e9nom*\n    <span class=\"wpcf7-form-control-wrap\" data-name=\"your-last-name\"><input size=\"40\" maxlength=\"400\" class=\"wpcf7-form-control wpcf7-text wpcf7-validates-as-required\" aria-required=\"true\" aria-invalid=\"false\" value=\"\" type=\"text\" name=\"your-last-name\" \/><\/span> <\/label>\n<label> Votre adresse e-mail*\n    <span class=\"wpcf7-form-control-wrap\" data-name=\"your-email\"><input size=\"40\" maxlength=\"400\" class=\"wpcf7-form-control wpcf7-email wpcf7-validates-as-required wpcf7-text wpcf7-validates-as-email\" aria-required=\"true\" aria-invalid=\"false\" value=\"\" type=\"email\" name=\"your-email\" \/><\/span> <\/label>\n<label> T\u00e9l\u00e9phone*<span class=\"wpcf7-form-control-wrap\" data-name=\"tel-270\"><input size=\"40\" maxlength=\"400\" class=\"wpcf7-form-control wpcf7-tel wpcf7-validates-as-required wpcf7-text wpcf7-validates-as-tel\" aria-required=\"true\" aria-invalid=\"false\" value=\"\" type=\"tel\" name=\"tel-270\" \/><\/span> <\/label>\n<label> Date de l'\u00e9v\u00e9nement*<span class=\"wpcf7-form-control-wrap\" data-name=\"date-771\"><input class=\"wpcf7-form-control wpcf7-date wpcf7-validates-as-required wpcf7-validates-as-date\" aria-required=\"true\" aria-invalid=\"false\" value=\"\" type=\"date\" name=\"date-771\" \/><\/span><\/label>\n<label> Nombre d'invit\u00e9s*<span class=\"wpcf7-form-control-wrap\" data-name=\"number-203\"><input class=\"wpcf7-form-control wpcf7-number wpcf7-validates-as-required wpcf7-validates-as-number\" aria-required=\"true\" aria-invalid=\"false\" value=\"\" type=\"number\" name=\"number-203\" \/><\/span><\/label>\n\n<label> D\u00e9crivez votre \u00e9v\u00e9nement*<span class=\"wpcf7-form-control-wrap\" data-name=\"textarea-309\"><textarea cols=\"40\" rows=\"10\" maxlength=\"2000\" class=\"wpcf7-form-control wpcf7-textarea wpcf7-validates-as-required\" aria-required=\"true\" aria-invalid=\"false\" name=\"textarea-309\"><\/textarea><\/span><\/label>\n\n<input class=\"wpcf7-form-control wpcf7-submit has-spinner\" type=\"submit\" value=\"Envoyer ma demande\" \/><div class=\"wpcf7-response-output\" aria-hidden=\"true\"><\/div>\n<\/form>\n<\/div>\n<\/div>\n\n<\/div>\n\n<\/div>\n\n\n<div class=\"wp-block-uagb-container uagb-block-24f44952\">\n\n<div class=\"wp-block-uagb-image uagb-block-81f2b805 wp-block-uagb-image--layout-default wp-block-uagb-image--effect-static wp-block-uagb-image--align-right\"><figure class=\"wp-block-uagb-image__figure\"><img decoding=\"async\" srcset=\"https:\/\/aubergedeboendael.be\/wp-content\/uploads\/2022\/09\/salle7-1024x765.jpg \" src=\"https:\/\/aubergedeboendael.be\/wp-content\/uploads\/2022\/09\/salle7-1024x765.jpg\" alt=\"Salle d'\u00e9v\u00e9nement et mariage \u00e0 Bruxelles\" class=\"uag-image-758\" width=\"1024\" height=\"765\" title=\"\"\/><\/figure><\/div>\n\n<\/div>\n\n<\/div>\n","protected":false},"excerpt":{"rendered":"","protected":false},"author":1,"featured_media":0,"parent":0,"menu_order":0,"comment_status":"closed","ping_status":"closed","template":"","meta":{"footnotes":""},"class_list":["post-39","page","type-page","status-publish","hentry"],"aioseo_notices":[],"_links":{"self":[{"href":"https:\/\/aubergedeboendael.be\/index.php\/wp-json\/wp\/v2\/pages\/39","targetHints":{"allow":["GET"]}}],"collection":[{"href":"https:\/\/aubergedeboendael.be\/index.php\/wp-json\/wp\/v2\/pages"}],"about":[{"href":"https:\/\/aubergedeboendael.be\/index.php\/wp-json\/wp\/v2\/types\/page"}],"author":[{"embeddable":true,"href":"https:\/\/aubergedeboendael.be\/index.php\/wp-json\/wp\/v2\/users\/1"}],"replies":[{"embeddable":true,"href":"https:\/\/aubergedeboendael.be\/index.php\/wp-json\/wp\/v2\/comments?post=39"}],"version-history":[{"count":24,"href":"https:\/\/aubergedeboendael.be\/index.php\/wp-json\/wp\/v2\/pages\/39\/revisions"}],"predecessor-version":[{"id":1905,"href":"https:\/\/aubergedeboendael.be\/index.php\/wp-json\/wp\/v2\/pages\/39\/revisions\/1905"}],"wp:attachment":[{"href":"https:\/\/aubergedeboendael.be\/index.php\/wp-json\/wp\/v2\/media?parent=39"}],"curies":[{"name":"wp","href":"https:\/\/api.w.org\/{rel}","templated":true}]}}