{"id":34,"date":"2022-09-16T16:56:59","date_gmt":"2022-09-16T14:56:59","guid":{"rendered":"http:\/\/bebpnjw.cluster029.hosting.ovh.net\/?page_id=34"},"modified":"2025-12-24T19:17:35","modified_gmt":"2025-12-24T18:17:35","slug":"le-restaurant-a-bruxelles","status":"publish","type":"page","link":"https:\/\/aubergedeboendael.be\/index.php\/le-restaurant-a-bruxelles\/","title":{"rendered":"Le restaurant"},"content":{"rendered":"\n<h2 class=\"wp-block-heading\">Restaurant \u00e0 Bruxelles<\/h2>\n\n\n\n\n\n<div style=\"height:30px\" aria-hidden=\"true\" class=\"wp-block-spacer\"><\/div>\n\n\n\n<div class=\"wp-block-cover alignfull is-light\" style=\"min-height:100vh;aspect-ratio:unset;\"><span aria-hidden=\"true\" class=\"wp-block-cover__background has-background-dim-100 has-background-dim\" style=\"background-color:#ffffff\"><\/span><div class=\"wp-block-cover__inner-container is-layout-flow wp-block-cover-is-layout-flow\">\n<div class=\"wp-block-media-text alignwide is-stacked-on-mobile is-vertically-aligned-center is-image-fill-element\" style=\"grid-template-columns:56% auto\"><figure class=\"wp-block-media-text__media\"><img decoding=\"async\" width=\"768\" height=\"1024\" src=\"https:\/\/aubergedeboendael.be\/wp-content\/uploads\/2025\/11\/WhatsApp-Image-2025-11-11-at-09.01.23-768x1024.jpeg\" alt=\"salle du restaurant, chouette ambiance intime avec plusieurs petites tables bien d\u00e9cor\u00e9es avec des bougies\" class=\"wp-image-1732 size-full\" style=\"object-position:57% 59%\" srcset=\"https:\/\/aubergedeboendael.be\/wp-content\/uploads\/2025\/11\/WhatsApp-Image-2025-11-11-at-09.01.23-768x1024.jpeg 768w, https:\/\/aubergedeboendael.be\/wp-content\/uploads\/2025\/11\/WhatsApp-Image-2025-11-11-at-09.01.23-225x300.jpeg 225w, https:\/\/aubergedeboendael.be\/wp-content\/uploads\/2025\/11\/WhatsApp-Image-2025-11-11-at-09.01.23-1152x1536.jpeg 1152w, https:\/\/aubergedeboendael.be\/wp-content\/uploads\/2025\/11\/WhatsApp-Image-2025-11-11-at-09.01.23-256x341.jpeg 256w, https:\/\/aubergedeboendael.be\/wp-content\/uploads\/2025\/11\/WhatsApp-Image-2025-11-11-at-09.01.23-512x683.jpeg 512w, https:\/\/aubergedeboendael.be\/wp-content\/uploads\/2025\/11\/WhatsApp-Image-2025-11-11-at-09.01.23-1024x1365.jpeg 1024w, https:\/\/aubergedeboendael.be\/wp-content\/uploads\/2025\/11\/WhatsApp-Image-2025-11-11-at-09.01.23.jpeg 1200w\" sizes=\"(max-width: 768px) 100vw, 768px\" \/><\/figure><div class=\"wp-block-media-text__content\">\n<div style=\"height:20px\" aria-hidden=\"true\" class=\"wp-block-spacer\"><\/div>\n\n\n\n<h2 class=\"wp-block-heading has-text-color\" style=\"color:#000000;font-size:40px\">Notre restaurant<\/h2>\n\n\n\n<p class=\"has-text-color\" style=\"color:#000000;font-size:16px\">Nich\u00e9e au c\u0153ur d\u2019Ixelles, l\u2019Auberge de Boendael vous accueille&nbsp;<strong>dans une ancienne ferme du XVIIIe si\u00e8cle, class\u00e9e au patrimoine<\/strong>, o\u00f9 authenticit\u00e9 et convivialit\u00e9 se rencontrent. Entre murs en pierre, poutres apparentes et feu ouvert, notre salle offre une atmosph\u00e8re chaleureuse et unique dans la capitale.<\/p>\n\n\n\n<div style=\"height:20px\" aria-hidden=\"true\" class=\"wp-block-spacer\"><\/div>\n\n\n\n<p class=\"has-text-color\" style=\"color:#000000;font-size:16px\">Id\u00e9ale pour toutes vos petites occasions : repas romantique, d\u00e9jeuner d\u2019affaires,&nbsp;d\u00eener convivial en famille,&nbsp;soir\u00e9e entre amis.<\/p>\n\n\n\n<div style=\"height:20px\" aria-hidden=\"true\" class=\"wp-block-spacer\"><\/div>\n\n\n\n<p class=\"has-text-color\" style=\"color:#000000;font-size:16px\">Venez profiter de notre cuisine&nbsp;<strong>du lundi au vendredi, le midi (12h-15) et le soir (19h-22h).<\/strong><\/p>\n\n\n\n<div style=\"height:15px\" aria-hidden=\"true\" class=\"wp-block-spacer\"><\/div>\n\n\n<a class=\"guten-button guten-button-sm\" href=\"https:\/\/aubergedeboendael.be\/index.php\/reservations\/\"><span>R\u00e9server votre table<\/span><\/a>\n\n\n<div style=\"height:30px\" aria-hidden=\"true\" class=\"wp-block-spacer\"><\/div>\n<\/div><\/div>\n\n\n\n<div style=\"height:100px\" aria-hidden=\"true\" class=\"wp-block-spacer\"><\/div>\n\n\n<div class=\"inner-container\"><div class=\"image-box-header\"><a class=\"\" href=\"https:\/\/aubergedeboendael.be\/index.php\/menu\/\" target=\"\" rel=\"\"><img decoding=\"async\" class=\"gutenverse-image-box-filled\" src=\"https:\/\/aubergedeboendael.be\/wp-content\/uploads\/2025\/12\/501288866_1183242570510824_325536831882603844_n.jpg\" height=\"2012\" width=\"2048\" alt=\"\" \/><\/a><\/div><div class=\"image-box-body\"><div class=\"body-inner\"><a class=\"\" href=\"https:\/\/aubergedeboendael.be\/index.php\/menu\/\" target=\"\" rel=\"\"><h3 class=\"body-title icon-position-before\"><span><strong>Une cuisine entre terre et mer<\/strong><\/span><\/h3><\/a><a class=\"\" href=\"https:\/\/aubergedeboendael.be\/index.php\/menu\/\" target=\"\" rel=\"\"><p class=\"body-description\">\u00c0 l\u2019Auberge de Boendael, la passion du go\u00fbt se retrouve dans chaque assiette. Notre chef met un point d\u2019honneur \u00e0 travailler avec\u00a0<strong>des produits frais, locaux et de saison<\/strong>. Venez d\u00e9couvrir une carte g\u00e9n\u00e9reuse, inspir\u00e9e \u00e0 la fois du terroir belge et des saveurs m\u00e9diterran\u00e9ennes, o\u00f9 chaque plat m\u00eale tradition et originalit\u00e9. <\/p><\/a><a class=\"guten-button guten-button-sm\" href=\"https:\/\/aubergedeboendael.be\/index.php\/menu\/\"><span><strong>D\u00e9couvrir le menu<\/strong><\/span><\/a><\/div><\/div><\/div><\/div><\/div>\n\n\n\n<div class=\"wp-block-group alignfull has-text-color has-background\" style=\"color:#000000;background-color:#ffffff\"><div class=\"wp-block-group__inner-container is-layout-flow wp-block-group-is-layout-flow\">\n<div style=\"height:40px\" aria-hidden=\"true\" class=\"wp-block-spacer\"><\/div>\n\n\n\n<p class=\"has-text-align-center has-small-font-size\" style=\"line-height:.9\"><\/p>\n\n\n\n<h2 class=\"wp-block-heading has-text-align-center\" id=\"schedule-a-visit\" style=\"font-size:59px;line-height:1.15\"><strong>Informations pratiques<\/strong><\/h2>\n\n\n\n<p class=\"has-text-align-center\" style=\"font-size:20px\"><strong>Adresse<\/strong><br>Square du Vieux Tilleul 12, 1050 Bruxelles<\/p>\n\n\n\n<div style=\"height:18px\" aria-hidden=\"true\" class=\"wp-block-spacer\"><\/div>\n\n\n\n<p class=\"has-text-align-center\" style=\"font-size:20px\"><strong>Horaires<br><\/strong>Du lundi au vendredi<br>Lunch &#8211; 12h \u00e0 15h<br>Souper&nbsp;&#8211; 19h \u00e0 22h<\/p>\n\n\n\n<div style=\"height:18px\" aria-hidden=\"true\" class=\"wp-block-spacer\"><\/div>\n\n\n\n<p class=\"has-text-align-center\" style=\"font-size:20px\"><strong>Nous contacter<\/strong><\/p>\n\n\n\n<p class=\"has-text-align-center\" style=\"font-size:20px\">T\u00e9l\u00e9phone : <a href=\"tel:02 8812752\" title=\"02 881 27 52\">02 881 27 52<\/a><\/p>\n\n\n\n<p class=\"has-text-align-center\" style=\"font-size:20px\">Email : <a href=\"mailto:info@aubergedeboendael.be\" title=\"\">info@aubergedeboendael.be<\/a><\/p>\n\n\n\n<div style=\"height:20px\" aria-hidden=\"true\" class=\"wp-block-spacer\"><\/div>\n\n\n<a class=\"guten-button guten-button-sm\" href=\"https:\/\/aubergedeboendael.be\/index.php\/reservations\/\"><span>R\u00e9server votre table<\/span><\/a><\/div><\/div>\n\n\n<div class=\"guten-icon-box-wrapper hover-from-left\"><div class=\"icon-box icon-box-header\">\n\t\t\t\t\t<div class=\"icon bg-style-color\">\n\t\t\t\t\t\t<i class=\"gtn gtn-friendship-light icon-style-color\"><\/i>\n\t\t\t\t\t<\/div>\n\t\t\t\t<\/div><div class=\"icon-box icon-box-body\"><h2 class=\"title\">Nouveau concept : <em>Be My Guest<\/em><\/h2><p class=\"icon-box-description\"><strong>\u00c0 partir du 18 ao\u00fbt<\/strong> <strong>2025<\/strong>, d\u00e9couvrez notre nouveau concept gourmand :<br>Pour chaque <strong>table de 4 personnes minimum<\/strong>, <strong>un repas complet est offert<\/strong> !*<br>Entr\u00e9e + Plat + Dessert (hors boissons).<br><br>Que ce soit pour un d\u00e9jeuner entre coll\u00e8gues, un repas en famille ou un d\u00eener entre amis, <strong>c\u2019est l\u2019occasion id\u00e9ale de vous faire plaisir\u2026 avec un menu offert pour l\u2019un de vos convives.<\/strong><br><br>Offre valable le midi et le soir, sur r\u00e9servation uniquement \u2013 dans la limite des places disponibles.<br><br><em>* Les convives doivent prendre le m\u00eame nombre de services ou le m\u00eame menu pour que l&rsquo;avantage soit accord\u00e9. Les plats ou menus les moins chers seront d\u00e9duits.<\/em><\/p><a class=\"guten-button guten-button-sm\" href=\"https:\/\/aubergedeboendael.be\/index.php\/reservations\/\"><span><strong>R\u00e9server une table<\/strong><\/span><\/a><\/div><\/div>\n\n\n<div style=\"height:35px\" aria-hidden=\"true\" class=\"wp-block-spacer\"><\/div>\n\n\n\n<p class=\"has-text-align-center has-large-font-size\"><strong>Notre restaurant en images<\/strong><\/p>\n\n\n\n<div style=\"height:20px\" aria-hidden=\"true\" class=\"wp-block-spacer\"><\/div>\n\n\n\n<figure class=\"wp-block-gallery has-nested-images columns-4 is-cropped wp-block-gallery-1 is-layout-flex wp-block-gallery-is-layout-flex\">\n<figure class=\"wp-block-image size-medium\"><img decoding=\"async\" width=\"225\" height=\"300\" data-id=\"1816\" src=\"https:\/\/aubergedeboendael.be\/wp-content\/uploads\/2025\/11\/WhatsApp-Image-2025-11-11-at-09.01.24-225x300.jpeg\" alt=\"\" class=\"wp-image-1816\" srcset=\"https:\/\/aubergedeboendael.be\/wp-content\/uploads\/2025\/11\/WhatsApp-Image-2025-11-11-at-09.01.24-225x300.jpeg 225w, https:\/\/aubergedeboendael.be\/wp-content\/uploads\/2025\/11\/WhatsApp-Image-2025-11-11-at-09.01.24-768x1024.jpeg 768w, https:\/\/aubergedeboendael.be\/wp-content\/uploads\/2025\/11\/WhatsApp-Image-2025-11-11-at-09.01.24-1152x1536.jpeg 1152w, https:\/\/aubergedeboendael.be\/wp-content\/uploads\/2025\/11\/WhatsApp-Image-2025-11-11-at-09.01.24-256x341.jpeg 256w, https:\/\/aubergedeboendael.be\/wp-content\/uploads\/2025\/11\/WhatsApp-Image-2025-11-11-at-09.01.24-512x683.jpeg 512w, https:\/\/aubergedeboendael.be\/wp-content\/uploads\/2025\/11\/WhatsApp-Image-2025-11-11-at-09.01.24-1024x1365.jpeg 1024w, https:\/\/aubergedeboendael.be\/wp-content\/uploads\/2025\/11\/WhatsApp-Image-2025-11-11-at-09.01.24.jpeg 1200w\" sizes=\"(max-width: 225px) 100vw, 225px\" \/><\/figure>\n\n\n\n<figure class=\"wp-block-image size-medium\"><img decoding=\"async\" width=\"225\" height=\"300\" data-id=\"1820\" src=\"https:\/\/aubergedeboendael.be\/wp-content\/uploads\/2025\/11\/WhatsApp-Image-2025-11-11-at-09.03.43d-225x300.jpeg\" alt=\"\" class=\"wp-image-1820\" srcset=\"https:\/\/aubergedeboendael.be\/wp-content\/uploads\/2025\/11\/WhatsApp-Image-2025-11-11-at-09.03.43d-225x300.jpeg 225w, https:\/\/aubergedeboendael.be\/wp-content\/uploads\/2025\/11\/WhatsApp-Image-2025-11-11-at-09.03.43d-768x1024.jpeg 768w, https:\/\/aubergedeboendael.be\/wp-content\/uploads\/2025\/11\/WhatsApp-Image-2025-11-11-at-09.03.43d-1152x1536.jpeg 1152w, https:\/\/aubergedeboendael.be\/wp-content\/uploads\/2025\/11\/WhatsApp-Image-2025-11-11-at-09.03.43d-256x341.jpeg 256w, https:\/\/aubergedeboendael.be\/wp-content\/uploads\/2025\/11\/WhatsApp-Image-2025-11-11-at-09.03.43d-512x683.jpeg 512w, https:\/\/aubergedeboendael.be\/wp-content\/uploads\/2025\/11\/WhatsApp-Image-2025-11-11-at-09.03.43d-1024x1365.jpeg 1024w, https:\/\/aubergedeboendael.be\/wp-content\/uploads\/2025\/11\/WhatsApp-Image-2025-11-11-at-09.03.43d.jpeg 1200w\" sizes=\"(max-width: 225px) 100vw, 225px\" \/><\/figure>\n\n\n\n<figure class=\"wp-block-image size-medium\"><img decoding=\"async\" width=\"227\" height=\"300\" data-id=\"1817\" src=\"https:\/\/aubergedeboendael.be\/wp-content\/uploads\/2025\/11\/WhatsApp-Image-2025-11-11-at-09.02.27-227x300.jpeg\" alt=\"\" class=\"wp-image-1817\" srcset=\"https:\/\/aubergedeboendael.be\/wp-content\/uploads\/2025\/11\/WhatsApp-Image-2025-11-11-at-09.02.27-227x300.jpeg 227w, https:\/\/aubergedeboendael.be\/wp-content\/uploads\/2025\/11\/WhatsApp-Image-2025-11-11-at-09.02.27-775x1024.jpeg 775w, https:\/\/aubergedeboendael.be\/wp-content\/uploads\/2025\/11\/WhatsApp-Image-2025-11-11-at-09.02.27-768x1015.jpeg 768w, https:\/\/aubergedeboendael.be\/wp-content\/uploads\/2025\/11\/WhatsApp-Image-2025-11-11-at-09.02.27-1163x1536.jpeg 1163w, https:\/\/aubergedeboendael.be\/wp-content\/uploads\/2025\/11\/WhatsApp-Image-2025-11-11-at-09.02.27-256x338.jpeg 256w, https:\/\/aubergedeboendael.be\/wp-content\/uploads\/2025\/11\/WhatsApp-Image-2025-11-11-at-09.02.27-512x676.jpeg 512w, https:\/\/aubergedeboendael.be\/wp-content\/uploads\/2025\/11\/WhatsApp-Image-2025-11-11-at-09.02.27-1024x1353.jpeg 1024w, https:\/\/aubergedeboendael.be\/wp-content\/uploads\/2025\/11\/WhatsApp-Image-2025-11-11-at-09.02.27.jpeg 1211w\" sizes=\"(max-width: 227px) 100vw, 227px\" \/><\/figure>\n\n\n\n<figure class=\"wp-block-image size-medium\"><img decoding=\"async\" width=\"233\" height=\"300\" data-id=\"1821\" src=\"https:\/\/aubergedeboendael.be\/wp-content\/uploads\/2025\/11\/WhatsApp-Image-2025-11-11-at-09.08.27d-233x300.jpeg\" alt=\"\" class=\"wp-image-1821\" srcset=\"https:\/\/aubergedeboendael.be\/wp-content\/uploads\/2025\/11\/WhatsApp-Image-2025-11-11-at-09.08.27d-233x300.jpeg 233w, https:\/\/aubergedeboendael.be\/wp-content\/uploads\/2025\/11\/WhatsApp-Image-2025-11-11-at-09.08.27d-794x1024.jpeg 794w, https:\/\/aubergedeboendael.be\/wp-content\/uploads\/2025\/11\/WhatsApp-Image-2025-11-11-at-09.08.27d-768x991.jpeg 768w, https:\/\/aubergedeboendael.be\/wp-content\/uploads\/2025\/11\/WhatsApp-Image-2025-11-11-at-09.08.27d-1190x1536.jpeg 1190w, https:\/\/aubergedeboendael.be\/wp-content\/uploads\/2025\/11\/WhatsApp-Image-2025-11-11-at-09.08.27d-256x330.jpeg 256w, https:\/\/aubergedeboendael.be\/wp-content\/uploads\/2025\/11\/WhatsApp-Image-2025-11-11-at-09.08.27d-512x661.jpeg 512w, https:\/\/aubergedeboendael.be\/wp-content\/uploads\/2025\/11\/WhatsApp-Image-2025-11-11-at-09.08.27d-1024x1321.jpeg 1024w, https:\/\/aubergedeboendael.be\/wp-content\/uploads\/2025\/11\/WhatsApp-Image-2025-11-11-at-09.08.27d.jpeg 1240w\" sizes=\"(max-width: 233px) 100vw, 233px\" \/><\/figure>\n\n\n\n<figure class=\"wp-block-image size-large\"><img decoding=\"async\" width=\"768\" height=\"1024\" data-id=\"1813\" src=\"https:\/\/aubergedeboendael.be\/wp-content\/uploads\/2025\/11\/WhatsApp-Image-2025-11-11-at-08.59.13-768x1024.jpeg\" alt=\"\" class=\"wp-image-1813\" srcset=\"https:\/\/aubergedeboendael.be\/wp-content\/uploads\/2025\/11\/WhatsApp-Image-2025-11-11-at-08.59.13-768x1024.jpeg 768w, https:\/\/aubergedeboendael.be\/wp-content\/uploads\/2025\/11\/WhatsApp-Image-2025-11-11-at-08.59.13-225x300.jpeg 225w, https:\/\/aubergedeboendael.be\/wp-content\/uploads\/2025\/11\/WhatsApp-Image-2025-11-11-at-08.59.13-1152x1536.jpeg 1152w, https:\/\/aubergedeboendael.be\/wp-content\/uploads\/2025\/11\/WhatsApp-Image-2025-11-11-at-08.59.13-256x341.jpeg 256w, https:\/\/aubergedeboendael.be\/wp-content\/uploads\/2025\/11\/WhatsApp-Image-2025-11-11-at-08.59.13-512x683.jpeg 512w, https:\/\/aubergedeboendael.be\/wp-content\/uploads\/2025\/11\/WhatsApp-Image-2025-11-11-at-08.59.13-1024x1365.jpeg 1024w, https:\/\/aubergedeboendael.be\/wp-content\/uploads\/2025\/11\/WhatsApp-Image-2025-11-11-at-08.59.13.jpeg 1200w\" sizes=\"(max-width: 768px) 100vw, 768px\" \/><\/figure>\n\n\n\n<figure class=\"wp-block-image size-full\"><img decoding=\"async\" width=\"1536\" height=\"2048\" data-id=\"1877\" src=\"https:\/\/aubergedeboendael.be\/wp-content\/uploads\/2025\/12\/WhatsApp-Image-2025-06-12-at-13.23.48.jpeg\" alt=\"\" class=\"wp-image-1877\" srcset=\"https:\/\/aubergedeboendael.be\/wp-content\/uploads\/2025\/12\/WhatsApp-Image-2025-06-12-at-13.23.48.jpeg 1536w, https:\/\/aubergedeboendael.be\/wp-content\/uploads\/2025\/12\/WhatsApp-Image-2025-06-12-at-13.23.48-225x300.jpeg 225w, https:\/\/aubergedeboendael.be\/wp-content\/uploads\/2025\/12\/WhatsApp-Image-2025-06-12-at-13.23.48-768x1024.jpeg 768w, https:\/\/aubergedeboendael.be\/wp-content\/uploads\/2025\/12\/WhatsApp-Image-2025-06-12-at-13.23.48-1152x1536.jpeg 1152w, https:\/\/aubergedeboendael.be\/wp-content\/uploads\/2025\/12\/WhatsApp-Image-2025-06-12-at-13.23.48-256x341.jpeg 256w, https:\/\/aubergedeboendael.be\/wp-content\/uploads\/2025\/12\/WhatsApp-Image-2025-06-12-at-13.23.48-512x683.jpeg 512w, https:\/\/aubergedeboendael.be\/wp-content\/uploads\/2025\/12\/WhatsApp-Image-2025-06-12-at-13.23.48-1024x1365.jpeg 1024w\" sizes=\"(max-width: 1536px) 100vw, 1536px\" \/><figcaption class=\"wp-element-caption\">Restaurant Bruxelles &#8211; Auberge de Boendael &#8211; Photos du restaurant<\/figcaption><\/figure>\n<\/figure>\n\n\n\n<div style=\"height:0px\" aria-hidden=\"true\" id=\"photos-salle\" class=\"wp-block-spacer\"><\/div>\n","protected":false},"excerpt":{"rendered":"<p>Restaurant \u00e0 Bruxelles Informations pratiques AdresseSquare du Vieux Tilleul 12, 1050 Bruxelles HorairesDu lundi au vendrediLunch &#8211; 12h \u00e0 15hSouper&nbsp;&#8211; 19h \u00e0 22h Nous contacter&#8230;<\/p>\n","protected":false},"author":1,"featured_media":0,"parent":0,"menu_order":0,"comment_status":"closed","ping_status":"closed","template":"","meta":{"footnotes":""},"class_list":["post-34","page","type-page","status-publish","hentry"],"aioseo_notices":[],"_links":{"self":[{"href":"https:\/\/aubergedeboendael.be\/index.php\/wp-json\/wp\/v2\/pages\/34","targetHints":{"allow":["GET"]}}],"collection":[{"href":"https:\/\/aubergedeboendael.be\/index.php\/wp-json\/wp\/v2\/pages"}],"about":[{"href":"https:\/\/aubergedeboendael.be\/index.php\/wp-json\/wp\/v2\/types\/page"}],"author":[{"embeddable":true,"href":"https:\/\/aubergedeboendael.be\/index.php\/wp-json\/wp\/v2\/users\/1"}],"replies":[{"embeddable":true,"href":"https:\/\/aubergedeboendael.be\/index.php\/wp-json\/wp\/v2\/comments?post=34"}],"version-history":[{"count":188,"href":"https:\/\/aubergedeboendael.be\/index.php\/wp-json\/wp\/v2\/pages\/34\/revisions"}],"predecessor-version":[{"id":1894,"href":"https:\/\/aubergedeboendael.be\/index.php\/wp-json\/wp\/v2\/pages\/34\/revisions\/1894"}],"wp:attachment":[{"href":"https:\/\/aubergedeboendael.be\/index.php\/wp-json\/wp\/v2\/media?parent=34"}],"curies":[{"name":"wp","href":"https:\/\/api.w.org\/{rel}","templated":true}]}}